 0 = -2*a + i - 0. Suppose x - 2 = a. List the prime factors of x.
3
Let h = 37 + -52. Let v(f) = -f**3 - 15*f**2 - f + 5. List the prime factors of v(h).
2, 5
Let k = 0 + 0. Suppose 2 = b, k*i + 30 = 2*i + b. Let q = i + -10. List the prime factors of q.
2
Let d be 4 - 1 - (-2)/1. Suppose -5*w - 4*l = -10, 0 = -4*w - 4*l + 10 - 2. Suppose 5 = -g - 0*g, -w*b - 17 = d*g. List the prime factors of b.
2
Let t(i) = i**3 - 6*i**2 + 7*i - 5. Suppose 2*j = 7 + 3. Let f be t(j). Suppose -25 = -4*v - 4*m - f, 3*m = 5*v - 57. What are the prime factors of v?
3
Suppose -3*l + 23 + 403 = 0. What are the prime factors of l?
2, 71
Suppose 3*k = k + 32. What are the prime factors of k?
2
Let g(h) = 6*h + 21. What are the prime factors of g(12)?
3, 31
Suppose 0 = 4*f + 4*g + 56, -2*f + g - 32 = -g. Let p = 26 + f. List the prime factors of p.
11
Let r be (3/3)/((-1)/(-5)). Suppose 4*b - p = 33, r*b + 3*p - 30 = 2*p. List the prime factors of b.
7
Let r(h) = h + 42. Let l be r(0). Suppose l = 2*y + 16. Let s = y + 3. List the prime factors of s.
2
Let f(s) = 4*s**2 - 3*s - 6. List the prime factors of f(6).
2, 3, 5
Suppose -15 - 10 = -5*a. Suppose 0 = -3*o + 4 + a. List the prime factors of o.
3
Suppose 3*o = 4*o - 4*k - 113, 0 = -3*o + 3*k + 321. What are the prime factors of o?
3, 5, 7
Let b = 15 + -8. Suppose 3*j - b*j = -16. List the prime factors of j.
2
Let n be 19 + (2 - (-1 - -2)). List the prime factors of ((-12)/n)/(1/(-5)).
3
Let q(n) = 11*n**3 + n**2 + n - 1. Let m be q(1). Suppose d = -d + m. Suppose -d*p + 2*p = -2*u + 14, -44 = -5*u + p. List the prime factors of u.
3
Let w(v) = -v - 3. Let o be w(-4). Let q(i) = 34*i**2 + 1. List the prime factors of q(o).
5, 7
Let g(c) = 2 + 0*c + c**3 - 4*c - 3*c**2 + 4. Suppose 5*q = u - 4, -8 = -2*u - 0*q - q. List the prime factors of g(u).
2, 3
Suppose -3*d + 295 = 2*d. Let m = -39 + d. What are the prime factors of m?
2, 5
Let a be (3/(-5))/((-7)/70). Suppose -3*t - 17 = 1. What are the prime factors of a/t + -1 + 15?
13
Let k(j) be the third derivative of -j**4/24 - j**3/6 + 22*j**2. Let r be (-1)/(0 - (-2)/12). What are the prime factors of k(r)?
5
Let k = -11 + 14. Suppose k*g - 95 = 13. List the prime factors of g.
2, 3
What are the prime factors of 57 + (-2 - 2 - -8)?
61
Let w(f) = 3*f**2 - 7*f + 6. Let u = 7 - 3. List the prime factors of w(u).
2, 13
Let p(v) = v**3 - 4*v**2 - v. Let r be p(5). Suppose 0 = -2*g + 7*g - r. What are the prime factors of g?
2
Let q(y) = y + 8. Let s be q(-8). Suppose -2*o - 4*g = -8, -o - 2*o - g + 27 = s. Suppose p - o = -4*p. What are the prime factors of p?
2
Let h = 53 + -31. What are the prime factors of h?
2, 11
Let u(k) = 10*k**2 + k. List the prime factors of u(-1).
3
Let q(l) = -2*l - 5. List the prime factors of q(-7).
3
List the prime factors of 28 + 0*(-5)/20.
2, 7
Let p(a) be the second derivative of -a**3/3 + 6*a**2 + 6*a. What are the prime factors of p(-7)?
2, 13
Suppose -4*t + 3 + 17 = 0. What are the prime factors of 3/t - (-85)/25?
2
What are the prime factors of ((-18)/(-12)*176/(-3))/(-1)?
2, 11
Let t(u) be the third derivative of -u**5/60 - 5*u**4/12 + u**3 - 3*u**2. What are the prime factors of t(-5)?
31
Suppose 0 = 5*a - 8*a - 9. Let s be (-11)/a - 4/6. Suppose -4*q + 10 = 2*h, -2*q - 4 = -s*h - 13. What are the prime factors of q?
3
What are the prime factors of 86/3 + (-3)/(-9)?
29
Let y(b) = b**3 + 6*b**2 + 3. Let l be y(-6). Let x(v) be the third derivative of v**4/12 - 2*v**2. List the prime factors of x(l).
2, 3
Let y(j) = j - 10. Let o be y(6). List the prime factors of 20 - (-4)/o*3.
17
Suppose -5*g - 12 = 3*q, 5*q + 12 = 5*g + 2*q. Suppose -o + 0*o + 1 = g. What are the prime factors of 0 - o - -2 - -5?
2, 3
List the prime factors of (-9)/(-27) - (-118)/6.
2, 5
Let f(a) = -a**3 - 5*a**2 - 4*a + 4. Let p be f(-4). Suppose -2*j + 5*y - p = y, -j = 5*y - 12. What are the prime factors of j?
2
Let o = -41 - -48. What are the prime factors of o?
7
Let d(s) = s**3 - s**2 + 7*s - 8. What are the prime factors of d(4)?
2, 17
Suppose 0 = 5*r + 15, 0*t + 24 = -3*t - r. List the prime factors of t + 6 - (-1 - 5).
5
Let y(m) be the second derivative of 2*m**3/3 - 4*m**2 - 2*m. List the prime factors of y(6).
2
Let p(j) = -7*j**2 + j. Let o be p(1). Let y be 2/o - 232/(-12). Let s = -5 + y. List the prime factors of s.
2, 7
Let r(t) be the third derivative of 1/6*t**4 + t**3 + 4*t**2 + 0 + 1/12*t**5 + 0*t + 1/120*t**6. What are the prime factors of r(-4)?
2, 3
Let n(m) be the third derivative of -m**4/8 - 3*m**3/2 + 5*m**2. List the prime factors of n(-10).
3, 7
Suppose -1 = -2*t + 11. Let y = t - 2. List the prime factors of y.
2
Suppose -5*j = -j - 28. Let t be 1/j - (-136)/28. Suppose t*m - 6 = 44. What are the prime factors of m?
2, 5
Suppose -8 = -5*u + 7. Suppose -2*w = 5*r + 4, 6*r - 4*r + 4 = 0. Suppose -v + d + 54 = w*v, u*v = -d + 44. List the prime factors of v.
2, 7
Suppose 2*s = -s + 6. What are the prime factors of s?
2
List the prime factors of ((-6)/4)/(6/(-8)).
2
Let y be 4/(-10) + (-6)/(-15). Suppose y*i = i + 34. Let r = -24 - i. List the prime factors of r.
2, 5
Suppose i - 12 - 19 = 0. Let s = i - 10. What are the prime factors of s?
3, 7
Let u(d) = -d**3 + 5*d**2 - 4*d - 4. Let n be u(4). Let i be n/(-2) - (-9)/3. Let a(h) = -h**2 + 7*h + 4. What are the prime factors of a(i)?
2, 7
Let n be (1 + 2)*3/3. Let m(g) = -4*g - 3*g + 10*g + 2 - 2*g. List the prime factors of m(n).
5
Let g = 1 + 1. Suppose -4*n = g*t - 22, -4*n + 9 = -2*t - 9. List the prime factors of n.
5
Let b(z) = z**3 - 6*z**2 + 6*z. Let u be b(5). Suppose 3*q = 0, -10 = -u*p - q - 3*q. List the prime factors of p.
2
Let u(m) = m**3 - m + 55. What are the prime factors of u(0)?
5, 11
Let r(k) = 14*k - 17. What are the prime factors of r(2)?
11
Let s = 77 + 7. What are the prime factors of s?
2, 3, 7
Let x(l) = 4*l + 6. Let o be x(-6). Let a = -13 - o. List the prime factors of a.
5
Suppose -5*o + 2*o + 132 = 0. What are the prime factors of o?
2, 11
Suppose 10*d + 2576 = 17*d. List the prime factors of d.
2, 23
Suppose -5*u = 5*u - 920. What are the prime factors of u?
2, 23
Let i be (-411)/(-9) + 3/9. Suppose -i = -5*p - c, 0*p - 5*c = 4*p - 41. What are the prime factors of p?
3
Suppose 0 + 18 = 3*l. Suppose -h - l = -4*p, 5*p - 1 = 9. Suppose -a = -h - 3. What are the prime factors of a?
5
Let q(a) = a**3 - 5*a**2 + 3. Let j be q(5). Suppose 5*w + 9 = -4*k, -4*k - 5*w + 2*w = 7. List the prime factors of 14 - j - (k - -2).
2, 5
Suppose -5*m + 164 = s, -3*m + 6*m + 2*s - 97 = 0. List the prime factors of m.
3, 11
Let j = -30 + 118. What are the prime factors of j?
2, 11
Suppose 3*v + 11 = 56. What are the prime factors of v?
3, 5
Let p(v) = 2*v**2 - 13*v - 6. List the prime factors of p(14).
2, 3, 17
Suppose 4*h - 5*i = -4*i + 274, 2*i = -2*h + 132. Suppose 2*d + 4*b = 28 + 24, -4*b = 3*d - h. What are the prime factors of d?
2
Let a = -433 + 289. What are the prime factors of a/(-15) + 3/(-5)?
3
Suppose 3*d + 5*t - 163 = 0, -55 = -4*d + 3*d - 2*t. What are the prime factors of d?
3, 17
Let c(a) = -a + 10. Suppose 8*k = 9*k. What are the prime factors of c(k)?
2, 5
Let d = 67 - -8. List the prime factors of d/(-20)*(-2 - 2).
3, 5
Let w(d) = -7*d + 16. List the prime factors of w(-5).
3, 17
Suppose 16 = -4*q - 32. List the prime factors of 12/(-7)*42/q.
2, 3
Let s be 3 + 0 + 0 + 35. Let l = s + -26. What are the prime factors of l?
2, 3
List the prime factors of 226/3*(-6)/(-4).
113
Suppose 0*t + 83 = 5*u + 3*t, -5*t + 69 = 4*u. List the prime factors of u.
2
Let y(m) = 6*m - 1. Let x(g) = g. Let d(n) = -2*x(n) - y(n). Let v be d(1). Let t = 11 + v. What are the prime factors of t?
2
Suppose 0 = -5*z + 4*q + 74, 5*z + q - 45 = 49. Let m = z - 9. List the prime factors of m.
3
Suppose 3*v - 12 = -4*b, 12 = -6*v + 3*v + 4*b. Suppose 3*k = 0, 2*p + v*k = k + 50. What are the prime factors of p?
5
Suppose 57 = 14*g - 11*g. What are the prime factors of g?
19
Let h(d) = -2*d**2 + 3*d + 1. Let l be h(7). Let v = l + 109. List the prime factors of v.
3, 11
Suppose f + 3 - 6 = 0. Suppose -2*l = 5*d + 7 - 125, f*d = 3*l + 75. List the prime factors of d.
2, 3
Suppose 4*g = 20 - 8. Suppose g = -3*p - 18. What are the prime factors of 1*2*p/(-2)?
7
Let w be -21 - 3 -